{"id":35,"date":"2024-10-16T09:42:36","date_gmt":"2024-10-16T07:42:36","guid":{"rendered":"https:\/\/www.ba-export.com\/index.php\/about-us\/"},"modified":"2024-11-21T15:52:11","modified_gmt":"2024-11-21T14:52:11","slug":"presentation-de-belexport","status":"publish","type":"page","link":"https:\/\/www.ba-export.com\/index.php\/presentation-de-belexport\/","title":{"rendered":"Pr\u00e9sentation de Belexport"},"content":{"rendered":"\t\t<div data-elementor-type=\"wp-page\" data-elementor-id=\"35\" class=\"elementor elementor-35\" data-elementor-settings=\"{&quot;element_pack_global_tooltip_width&quot;:{&quot;unit&quot;:&quot;px&quot;,&quot;size&quot;:&quot;&quot;,&quot;sizes&quot;:[]},&quot;element_pack_global_tooltip_width_tablet&quot;:{&quot;unit&quot;:&quot;px&quot;,&quot;size&quot;:&quot;&quot;,&quot;sizes&quot;:[]},&quot;element_pack_global_tooltip_width_mobile&quot;:{&quot;unit&quot;:&quot;px&quot;,&quot;size&quot;:&quot;&quot;,&quot;sizes&quot;:[]},&quot;element_pack_global_tooltip_padding&quot;:{&quot;unit&quot;:&quot;px&quot;,&quot;top&quot;:&quot;&quot;,&quot;right&quot;:&quot;&quot;,&quot;bottom&quot;:&quot;&quot;,&quot;left&quot;:&quot;&quot;,&quot;isLinked&quot;:true},&quot;element_pack_global_tooltip_padding_tablet&quot;:{&quot;unit&quot;:&quot;px&quot;,&quot;top&quot;:&quot;&quot;,&quot;right&quot;:&quot;&quot;,&quot;bottom&quot;:&quot;&quot;,&quot;left&quot;:&quot;&quot;,&quot;isLinked&quot;:true},&quot;element_pack_global_tooltip_padding_mobile&quot;:{&quot;unit&quot;:&quot;px&quot;,&quot;top&quot;:&quot;&quot;,&quot;right&quot;:&quot;&quot;,&quot;bottom&quot;:&quot;&quot;,&quot;left&quot;:&quot;&quot;,&quot;isLinked&quot;:true},&quot;element_pack_global_tooltip_border_radius&quot;:{&quot;unit&quot;:&quot;px&quot;,&quot;top&quot;:&quot;&quot;,&quot;right&quot;:&quot;&quot;,&quot;bottom&quot;:&quot;&quot;,&quot;left&quot;:&quot;&quot;,&quot;isLinked&quot;:true},&quot;element_pack_global_tooltip_border_radius_tablet&quot;:{&quot;unit&quot;:&quot;px&quot;,&quot;top&quot;:&quot;&quot;,&quot;right&quot;:&quot;&quot;,&quot;bottom&quot;:&quot;&quot;,&quot;left&quot;:&quot;&quot;,&quot;isLinked&quot;:true},&quot;element_pack_global_tooltip_border_radius_mobile&quot;:{&quot;unit&quot;:&quot;px&quot;,&quot;top&quot;:&quot;&quot;,&quot;right&quot;:&quot;&quot;,&quot;bottom&quot;:&quot;&quot;,&quot;left&quot;:&quot;&quot;,&quot;isLinked&quot;:true}}\" data-elementor-post-type=\"page\">\n\t\t\t\t\t\t<div class=\"elementor-section elementor-top-section elementor-element elementor-element-9cb7653 elementor-section-full_width elementor-section-height-default elementor-section-height-default\" data-id=\"9cb7653\" data-element_type=\"section\">\n\t\t\t\t\t\t<div class=\"elementor-container elementor-column-gap-default\">\n\t\t\t\t\t<div class=\"elementor-column elementor-col-100 elementor-top-column elementor-element elementor-element-e0c5547\" data-id=\"e0c5547\" data-element_type=\"column\">\n\t\t\t<div class=\"elementor-widget-wrap elementor-element-populated\">\n\t\t\t\t\t\t<div class=\"elementor-element elementor-element-110e363 elementor-widget elementor-widget-html\" data-id=\"110e363\" data-element_type=\"widget\" data-widget_type=\"html.default\">\n\t\t\t\t<div class=\"elementor-widget-container\">\n\t\t\t<audio autoplay loop>\n    <source src=\"https:\/\/votre-site.com\/wp-content\/uploads\/chemin-audio.mp3\" type=\"audio\/mpeg\">\n    Votre navigateur ne supporte pas l'\u00e9l\u00e9ment audio.\n<\/audio>\n\t\t<\/div>\n\t\t\t\t<\/div>\n\t\t\t\t<div class=\"elementor-element elementor-element-61051f5  ui-split-animate ui-splitby-chars elementor-widget elementor-widget-heading\" data-id=\"61051f5\" data-element_type=\"widget\" data-settings=\"{&quot;ui_animate_split&quot;:&quot;ui-split-animate&quot;,&quot;ui_animate_split_by&quot;:&quot;chars&quot;,&quot;ui_animate_split_style&quot;:&quot;fadeInUp&quot;}\" data-widget_type=\"heading.default\">\n\t\t\t\t<div class=\"elementor-widget-container\">\n\t\t\t<h1 class=\"elementor-heading-title elementor-size-default\">Pr\u00e9sentation de la soci\u00e9t\u00e9<\/h1>\t\t<\/div>\n\t\t\t\t<\/div>\n\t\t\t\t<div class=\"elementor-element elementor-element-09afa24 elementor-widget__width-initial elementor-widget-tablet__width-inherit elementor-widget-mobile__width-inherit  ui-split-animate ui-splitby-lines elementor-widget elementor-widget-text-editor\" data-id=\"09afa24\" data-element_type=\"widget\" data-settings=\"{&quot;ui_animate_split&quot;:&quot;ui-split-animate&quot;,&quot;ui_animate_split_by&quot;:&quot;lines&quot;,&quot;ui_animate_split_style&quot;:&quot;fadeInUp&quot;}\" data-widget_type=\"text-editor.default\">\n\t\t\t\t<div class=\"elementor-widget-container\">\n\t\t\t\t\t\t\t<p>Belexport est une entreprise bas\u00e9e en France, sp\u00e9cialis\u00e9e dans le trading, le n\u00e9goce, et la publicit\u00e9, offrant une large gamme de services pour divers types de mat\u00e9riels roulants.<\/p><p>Parmi nos produits phares figurent des tracteurs MAN, SHAKMAN, ainsi que des semi-remorques, en plus d&rsquo;une vari\u00e9t\u00e9 d&rsquo;\u00e9quipements de construction issus de grandes marques comme Hyundai et Doosan.<\/p><p>Nous fournissons \u00e9galement des pi\u00e8ces de rechange et des pneus<br \/>provenant de multiples r\u00e9gions.<\/p>\t\t\t\t\t\t<\/div>\n\t\t\t\t<\/div>\n\t\t\t\t<div class=\"elementor-element elementor-element-1f33f7f animated-slow elementor-invisible elementor-widget elementor-widget-image\" data-id=\"1f33f7f\" data-element_type=\"widget\" data-settings=\"{&quot;_animation&quot;:&quot;fadeIn&quot;,&quot;_animation_delay&quot;:400}\" data-widget_type=\"image.default\">\n\t\t\t\t<div class=\"elementor-widget-container\">\n\t\t\t\t\t\t\t\t\t\t\t\t\t<img fetchpriority=\"high\" decoding=\"async\" width=\"2560\" height=\"1138\" src=\"https:\/\/www.ba-export.com\/wp-content\/uploads\/2024\/10\/presentation-Belexport-1.png\" class=\"attachment-full size-full wp-image-109\" alt=\"\" srcset=\"https:\/\/www.ba-export.com\/wp-content\/uploads\/2024\/10\/presentation-Belexport-1.png 2560w, https:\/\/www.ba-export.com\/wp-content\/uploads\/2024\/10\/presentation-Belexport-1-300x133.png 300w, https:\/\/www.ba-export.com\/wp-content\/uploads\/2024\/10\/presentation-Belexport-1-1024x455.png 1024w, https:\/\/www.ba-export.com\/wp-content\/uploads\/2024\/10\/presentation-Belexport-1-768x341.png 768w, https:\/\/www.ba-export.com\/wp-content\/uploads\/2024\/10\/presentation-Belexport-1-1536x683.png 1536w, https:\/\/www.ba-export.com\/wp-content\/uploads\/2024\/10\/presentation-Belexport-1-2048x910.png 2048w, https:\/\/www.ba-export.com\/wp-content\/uploads\/2024\/10\/presentation-Belexport-1-650x289.png 650w\" sizes=\"(max-width: 2560px) 100vw, 2560px\" \/>\t\t\t\t\t\t\t\t\t\t\t\t\t<\/div>\n\t\t\t\t<\/div>\n\t\t\t\t\t<\/div>\n\t\t<\/div>\n\t\t\t\t\t<\/div>\n\t\t<\/div>\n\t\t\t\t<div class=\"elementor-section elementor-top-section elementor-element elementor-element-d15ea88 elementor-section-boxed elementor-section-height-default elementor-section-height-default\" data-id=\"d15ea88\" data-element_type=\"section\">\n\t\t\t\t\t\t<div class=\"elementor-container elementor-column-gap-default\">\n\t\t\t\t\t<div class=\"elementor-column elementor-col-100 elementor-top-column elementor-element elementor-element-ec94f4d\" data-id=\"ec94f4d\" data-element_type=\"column\">\n\t\t\t<div class=\"elementor-widget-wrap elementor-element-populated\">\n\t\t\t\t\t\t<section class=\"elementor-section elementor-inner-section elementor-element elementor-element-2120023 elementor-section-boxed elementor-section-height-default elementor-section-height-default\" data-id=\"2120023\" data-element_type=\"section\">\n\t\t\t\t\t\t<div class=\"elementor-container elementor-column-gap-default\">\n\t\t\t\t\t<div class=\"elementor-column elementor-col-50 elementor-inner-column elementor-element elementor-element-d7c16bb\" data-id=\"d7c16bb\" data-element_type=\"column\">\n\t\t\t<div class=\"elementor-widget-wrap elementor-element-populated\">\n\t\t\t\t\t\t<div class=\"elementor-element elementor-element-a1963dc elementor-widget__width-initial elementor-widget elementor-widget-heading\" data-id=\"a1963dc\" data-element_type=\"widget\" data-widget_type=\"heading.default\">\n\t\t\t\t<div class=\"elementor-widget-container\">\n\t\t\t<h2 class=\"elementor-heading-title elementor-size-default\">Belexport<\/h2>\t\t<\/div>\n\t\t\t\t<\/div>\n\t\t\t\t\t<\/div>\n\t\t<\/div>\n\t\t\t\t<div class=\"elementor-column elementor-col-50 elementor-inner-column elementor-element elementor-element-7f7509d\" data-id=\"7f7509d\" data-element_type=\"column\">\n\t\t\t<div class=\"elementor-widget-wrap elementor-element-populated\">\n\t\t\t\t\t\t<div class=\"elementor-element elementor-element-e242904 elementor-widget elementor-widget-text-editor\" data-id=\"e242904\" data-element_type=\"widget\" data-widget_type=\"text-editor.default\">\n\t\t\t\t<div class=\"elementor-widget-container\">\n\t\t\t\t\t\t\tGr\u00e2ce \u00e0 notre implantation en France, nous sommes id\u00e9alement positionn\u00e9s pour servir nos\nclients tant en Europe que dans la r\u00e9gion du Maghreb, o\u00f9 nous avons \u00e9largi notre r\u00e9seau\nd&#39;affaires. Notre expertise en gestion des transports nous permet de garantir des livraisons\nfiables et dans le respect des d\u00e9lais. Forts d&#39;un r\u00e9seau logistique performant et d&#39;une ma\u00eetrise\ndes processus, nous assurons \u00e0 nos clients des solutions rapides et de haute qualit\u00e9.\t\t\t\t\t\t<\/div>\n\t\t\t\t<\/div>\n\t\t\t\t<div class=\"elementor-element elementor-element-8760b68 elementor-widget elementor-widget-text-editor\" data-id=\"8760b68\" data-element_type=\"widget\" data-widget_type=\"text-editor.default\">\n\t\t\t\t<div class=\"elementor-widget-container\">\n\t\t\t\t\t\t\t<p>Notre mission est de fournir des solutions sur mesure adapt\u00e9es aux besoins de nos clients, en leur facilitant l&rsquo;acc\u00e8s \u00e0 des produits et \u00e9quipements de qualit\u00e9, issus de diverses r\u00e9gions du monde.<\/p>\t\t\t\t\t\t<\/div>\n\t\t\t\t<\/div>\n\t\t\t\t\t<\/div>\n\t\t<\/div>\n\t\t\t\t\t<\/div>\n\t\t<\/section>\n\t\t\t\t\t<\/div>\n\t\t<\/div>\n\t\t\t\t\t<\/div>\n\t\t<\/div>\n\t\t\t\t<\/div>\n\t\t","protected":false},"excerpt":{"rendered":"<p>Votre navigateur ne supporte pas l&rsquo;\u00e9l\u00e9ment audio. Pr\u00e9sentation de la soci\u00e9t\u00e9 Belexport est une entreprise bas\u00e9e en France, sp\u00e9cialis\u00e9e dans le trading, [&hellip;]<\/p>\n","protected":false},"author":1,"featured_media":0,"parent":0,"menu_order":0,"comment_status":"closed","ping_status":"closed","template":"","meta":{"footnotes":""},"class_list":["post-35","page","type-page","status-publish","hentry"],"_links":{"self":[{"href":"https:\/\/www.ba-export.com\/index.php\/wp-json\/wp\/v2\/pages\/35","targetHints":{"allow":["GET"]}}],"collection":[{"href":"https:\/\/www.ba-export.com\/index.php\/wp-json\/wp\/v2\/pages"}],"about":[{"href":"https:\/\/www.ba-export.com\/index.php\/wp-json\/wp\/v2\/types\/page"}],"author":[{"embeddable":true,"href":"https:\/\/www.ba-export.com\/index.php\/wp-json\/wp\/v2\/users\/1"}],"replies":[{"embeddable":true,"href":"https:\/\/www.ba-export.com\/index.php\/wp-json\/wp\/v2\/comments?post=35"}],"version-history":[{"count":22,"href":"https:\/\/www.ba-export.com\/index.php\/wp-json\/wp\/v2\/pages\/35\/revisions"}],"predecessor-version":[{"id":3117,"href":"https:\/\/www.ba-export.com\/index.php\/wp-json\/wp\/v2\/pages\/35\/revisions\/3117"}],"wp:attachment":[{"href":"https:\/\/www.ba-export.com\/index.php\/wp-json\/wp\/v2\/media?parent=35"}],"curies":[{"name":"wp","href":"https:\/\/api.w.org\/{rel}","templated":true}]}}